et r be h(l). Suppose o = r - 1. Is o prime?
True
Suppose 6*w = w + 3985. Is w prime?
True
Suppose 0 = 13*u - 4*u - 13239. Is u a composite number?
False
Suppose -5*t + t - 40 = 0. Let p = 201 + t. Is p a prime number?
True
Let h be (2/(-5))/(9/(-225)). Let r be 269 + 2/(-1) + 0. Suppose h = -w + r. Is w prime?
True
Let b = -8 + 15. Let u = b - 5. Suppose -n - 3 = -2*n, -153 = -3*d + u*n. Is d composite?
False
Is 21/9 + -3 - (-6299)/3 a composite number?
False
Let u = -327 + 470. Is u a composite number?
True
Let c be 6*4/((-8)/(-107)). Suppose 4*d - 348 - c = 5*p, 3*d = p + 488. Is d a prime number?
False
Suppose 3*a = -a - 204. Is (-4)/((6/a)/1) a prime number?
False
Let x = 577 - -56. Suppose 0*q + x = 3*q. Is q a prime number?
True
Let r = 197 + -82. Suppose 537 = 2*v + r. Is v prime?
True
Let f(p) = 33*p**2 - 6*p + 4. Let u be f(4). Let m = 13 + -6. Suppose u = -3*z + m*z. Is z a prime number?
True
Let s = -1411 - -1994. Is s a composite number?
True
Is ((-635)/20)/(2/(-8)) prime?
True
Let r be 23*(4 + 2 + -5). Suppose -2*l = -l - r. Is l a prime number?
True
Suppose 0 = 4*a + 3*d - 835, -5*a + 1656 = -4*d + 589. Is a composite?
False
Suppose i = 2*i + 12. Let k = 1 - i. Is k composite?
False
Suppose 0 = 5*w - 5, -2*d = -3*w + 7. Is (256/d - -1)*-1 prime?
True
Suppose 3*z = 4*x + 65, 4*z - 4 = 3*x + 36. Let b = x - -51. Is b a prime number?
True
Let d(p) = p**3 + 3*p**2 - 3*p - 7. Let o be d(5). Is -2 + 9/6*o a prime number?
False
Let z(h) = -470*h. Let y be z(-1). Suppose 160 = 5*r - y. Let k = 205 - r. Is k prime?
True
Let p be 3/(-18) + (-499)/(-6). Suppose 0 = -x + 36 + p. Is x a composite number?
True
Let d be 1084/16 - (-3)/(-4). Let p = -48 + d. Is p a prime number?
True
Let o = 128 - -87. Suppose v = 3*v - 3*d - 17, 5*v = 5*d + 35. Suppose -o = -v*k - 27. Is k composite?
False
Let n be (-3)/(-1) - 1 - 3. Is (-1 + 332)*(0 - n) prime?
True
Let h(f) = -5*f + 13. Let w(x) = -9*x + 25. Let p(q) = -5*h(q) + 2*w(q). Is p(10) a prime number?
False
Suppose 2*h - 53 = -5*f, -5*h + 4*h = 3*f - 28. Is h a prime number?
True
Suppose -2*h = 5*z - 951, 2*z - 2*h - 386 = -0*z. Is z a composite number?
False
Let v = -59 - -180. Is v a prime number?
False
Let o(y) = 77*y**3 + y**2. Let c be o(-1). Let w be c/3 + 3/9. Let n = 38 + w. Is n composite?
False
Let g(c) = 3*c**2 - 6*c + 5. Let h be g(6). Suppose -h = -5*f + 6218. Is f a composite number?
False
Is 2168 + (-1 + -2)*(-2)/(-6) a prime number?
False
Let c(k) be the third derivative of -19*k**4/12 + k**3/2 + 2*k**2. Let n be (-24)/15*10/4. Is c(n) prime?
False
Let i(q) = 16*q + 9. Let u be i(-7). Let l = 184 - u. Is l composite?
True
Let k(a) = 24*a**2 - a - 33. Is k(-8) a composite number?
False
Suppose -g + 1229 = v + 2*v, -3*v = -2*g - 1223. Is v a composite number?
False
Suppose 0*r - 2*r + 8 = 0. Suppose 7*y = r*y + 126. Is (y/10)/(3/15) a prime number?
False
Let r(m) = -57*m**3 - 10*m**2 + 3*m - 7. Let u(c) = 19*c**3 + 3*c**2 - c + 2. Let d(x) = 2*r(x) + 7*u(x). Is d(1) composite?
False
Suppose 26 + 226 = -4*b. Suppose 4*t + 4*h = -133 + 5, -138 = 4*t + 2*h. Let k = t - b. Is k a prime number?
False
Is ((-12)/10)/(10/(-11425)) a composite number?
True
Suppose 0 = q - 5*g + 21, -2*g - g + 31 = 4*q. Is 60 - q*(-6)/(-8) composite?
True
Let j = -172 - -25. Suppose 4*r = -3 - 1. Is (0 + (j - -2))*r composite?
True
Let z(x) = -5*x - 9. Let j be z(-6). Let s = j - 12. Suppose 3*d = s + 132. Is d a composite number?
False
Let r(o) = -o**3 + 6*o**2 + 2. Let n be r(6). Suppose 5*y - 10 = 3*g + 11, -4*g = -n*y. Let i(v) = 3*v - 4. Is i(y) composite?
True
Let d be (-796)/(5/(15/(-6))). Let l = -279 + d. Is l prime?
False
Suppose 0 = -2*h - 2*h + 2076. Is h a composite number?
True
Suppose 0 = 4*q + w - 131, 2*w = 2*q - 67 - 1. Is q a prime number?
False
Let i = 424 + -281. Is i composite?
True
Let c be 2*(213/6 - -3). Let p = 64 + c. Is p a prime number?
False
Is 8435/25 - (-4)/(-10) composite?
False
Is 1 + ((-7)/(-3))/((-7)/(-2520)) a composite number?
True
Suppose 7*t = 6*t + 33. Is t a prime number?
False
Let p = 1643 - 970. Is p composite?
False
Suppose 10*x - 2164 = 6*x. Is x prime?
True
Let x = 7 - 5. Suppose x*l + 4 = 82. Is l a prime number?
False
Suppose -3 - 21 = 3*n. Let h(g) = g**2 + 4*g - 8. Let b be h(-6). Is (-62)/(-4) + b/n a prime number?
False
Let h be (-1)/(-3) - (-1216)/24. Suppose -i + 0*i + o = -24, -2*i + 5*o + h = 0. Is i prime?
True
Let u(p) = -5*p**2 - 4*p - 2 + 3 + 0 + p**3. Let h be u(6). Is -4 + h - (-1 - 0) prime?
False
Is 0 + -2 + (-1963)/(-13) a prime number?
True
Let v = -1 - -4. Is 927/12 + v/(-12) a prime number?
False
Suppose -s - 5 = -6. Is ((-156)/9 - s)*-3 a prime number?
False
Suppose 99 = p - 58. Is p composite?
False
Let f be 1/6 - 1409/(-6). Suppose -f = 4*t - 863. Is t prime?
True
Suppose 0 = -d - 1, 0 = -2*t + 3*d + 798 + 79. Suppose -613 = -z + 2*j - 176, -z = 4*j - t. Is z a composite number?
True
Suppose -7*l = -23360 + 7939. Is l prime?
True
Let o = 2 - -3. Suppose -o*i - 10 = -0*i. Is ((-210)/4)/5*i prime?
False
Let f = 280 + -83. Suppose -f - 255 = -4*g. Is g prime?
True
Let l(i) = -7*i**2 - 9*i + 6. Let r be l(8). Is (r/(-6))/((-2)/(-6)) prime?
True
Suppose -4*z - 6*v = -3*v, 5*v + 23 = z. Suppose -z*o + 8*o - 555 = 0. Is o prime?
False
Let m(p) = -p - 676. Let v be m(0). Let d = v - -1217. Is d composite?
False
Let i = 9 + -6. Let g(h) = 2*h - 4. Let f be g(i). Suppose f*m = -2, 2*m = -3*r + r + 352. Is r a prime number?
False
Suppose 0 = b - 0*b - 2. Let z = b - 1. Suppose r - 134 + z = 0. Is r a prime number?
False
Suppose 0 = 4*a + 8*a - 6756. Is a a prime number?
True
Let t = 64 - -18. Is t a composite number?
True
Suppose -3*r + 2*r = 1. Let q(v) be the second derivative of 5*v**4/6 - v**3/6 - 11*v. Is q(r) a composite number?
False
Let i = -86 - -2139. Is i a prime number?
True
Let a(l) = 62*l - 3. Is a(2) prime?
False
Let p = -54 + 90. Suppose c - 3*w - 101 = 0, -w + 299 - p = 3*c. Is c prime?
True
Suppose -2*l + 2*r = l - 247, 2*l - 3*r = 158. Is l composite?
True
Let c be 5/2*-2 - 1. Let u(y) = y**2 - 3*y - 7. Is u(c) a prime number?
True
Let q(t) = t**2 - t + 5. Let z be q(0). Suppose -2*d - 2127 = -z*d. Is d a composite number?
False
Suppose -5*h + 3403 = t, -2*h - 2*t = -407 - 951. Is h a composite number?
True
Let s be 0*(-2)/((-12)/3). Suppose s = 2*z + 2*z - 60. Let d = 0 + z. Is d a composite number?
True
Suppose -2*v = -5*y - 471, y + 2*v = -0*y - 87. Let z = 305 + y. Suppose 0 = 3*a + z - 659. Is a prime?
True
Suppose 0 = 4*j - 4, -5*h - 3*j + 839 = j. Suppose 2*s = 4*y - 108, -39 = 5*y + s - h. Is y/1*21/6 prime?
False
Let d = -398 + 621. Is d a composite number?
False
Let v(g) = -g**2 + 14*g - 8. Let x = 18 - 12. Let k be v(x). Suppose -4*d = h - 28, h - k = -5*d - 5. Is d composite?
False
Suppose 2055 = 5*c + l - 6611, 4*l = 5*c - 8661. Is c a prime number?
True
Let b = -8 + 15. Let q(f) = -7 + 2*f**2 - 7*f + 0*f + 1. Is q(b) composite?
False
Let n(k) = -k**3 - 6*k**2 + 7*k + 4. Let f be n(-7). Suppose -5*s + 190 = f*h, 2*s - 12 = 5*h + 64. Is s a composite number?
True
Let l = -3309 + 5088. Is l prime?
False
Let y(d) = -2*d**3 - 3*d**2 + 5*d + 4. Let p be y(-3). Suppose p = u + u. Let n(q) = 9*q + 11. Is n(u) a composite number?
False
Let w be (2/(-2))/(-1) + -1. Suppose -5*t + 73 = 4*h, w = h - 5*h + 8. Suppose t = 3*y - 26. Is y prime?
True
Let r(u) be the second derivative of u**4/12 + 35*u**2/2 + 8*u. Suppose 4*v + 4*c = -12, 2*v + c = -0*c - 3. Is r(v) a prime number?
False
Let w = 30 - -421. Is w prime?
False
Suppose s + 764 = 5*s. Let t be (-30)/((-2)/(-3 + 1)). Let w = t + s. Is w a prime number?
False
Let b = 2043 + -682. Is b a composite number?
False
Suppose -u + 5*t - 102 = -3*u, 66 = u - 5*t. Let f = 121 - u. Is f prime?
False
Let u = 4 + 0. Suppose u*j - 32 - 24 = 0. Is j a composite number?
True
Let x(q) = 28*q**3 + 3*q - 3. Is x(4) prime?
True
Let m(n) = n**3 + 2*n**2 - n - 14. Let o(u) = u**3 + u**2 - 2*u - 15. Suppose -5*t - 42 = -12. Let b(c) = t*o(c) + 7*m(c). Is b(-7) a prime number?
False
Let m = -800 - -1243. Is m a composite number?
False
Let v = 9 + -7. Is (1 - v) + -2 + 26 prime?
True
Let k(c) = 4*c**2 - 11*c + 4. Is k(15) a composite number?
False
Let r = 8 - 9. Is 1*212 - (r - -2) a prime numbe